it of j?
8
Suppose -2*l = 5*g - 20114, -4*g + 19887 = -2*l + 3803. What is the thousands digit of g?
4
Let d be 2*5/(-10) + 2 + -1. Let t be ((2 - -4) + d)*-4. What is the units digit of t - -169 - 2*(-2)/4?
6
Suppose -2*p = 2*w - 4054, w + 26 = 22. What is the tens digit of p?
3
Suppose 8*n = -43 + 83. Suppose a - 337 = -5*h, -2*h + 1613 = n*a - h. What is the hundreds digit of a?
3
Let x(v) = -354*v**3 + 3*v**2 + 3*v + 1. Let i be x(-1). Let h = i + -305. What is the units digit of h?
0
Suppose 5*d + 10*z - 13*z = -870, -523 = 3*d - 2*z. Let w = d - -233. What is the tens digit of w?
6
Let h(m) = 4*m**2 - 2*m - 4. Let b be h(3). Let k = -20 + b. Suppose 3*t - 2*c = c - k, t - 5*c = -18. What is the units digit of t?
2
Suppose 0 = 3*r + 850 - 844, -4*w + 5*r + 297118 = 0. What is the units digit of w?
7
What is the thousands digit of 453*(416/(-24))/(-1)?
7
Suppose -8*f + 671225 = 17*f. What is the hundreds digit of f?
8
Let f = -16166 - -44578. What is the hundreds digit of f?
4
Suppose 4*b + 776 = 800. What is the units digit of (2403/b - -1) + (-84)/(-56)?
3
Let h(y) = y**3 + y - 101. Let k be h(0). Let u = 105 + k. Suppose -u*d = 4*q - 32, 0 = 3*d + 2*q + 3*q - 34. What is the units digit of d?
3
Let i(n) = -2*n - 44. Let k be i(-23). What is the tens digit of (-10072)/(-48) + k/(-12)*-1?
1
Let w = 9011 - 8411. What is the tens digit of w?
0
Suppose 0 = 18*w + 6442 + 24824. What is the tens digit of (12/(-9))/(12/w)?
9
Suppose 11*g - h + 70255 = 13*g, 175648 = 5*g + h. What is the thousands digit of g?
5
Let q(i) = 7*i**2 - 2*i + 6. Let s be q(2). Let x = -20 + s. Suppose 4*h + k - x = 0, 4*k - 3*k = h. What is the units digit of h?
2
Suppose 0 = 5*a - 28118 + 12538. What is the units digit of a?
6
Let n be (18/(-12))/((-3)/86). Suppose -n - 2 = -9*m. Suppose -m*q = -3*q - 22. What is the units digit of q?
1
Suppose 0 = 2*y + n - 45861, 127*y - 124*y + 3*n = 68790. What is the ten thousands digit of y?
2
Let l(g) = 2*g - 18. Suppose -9 = -c - 5. Suppose c*q = q - 2*u + 40, -q - 4*u + 10 = 0. What is the tens digit of l(q)?
1
Let u = -88 - -87. What is the tens digit of u/(10/15)*-30?
4
Let i = -15 - -19. Suppose 2081 = 2*w + f, -i*f - 1051 = -w - f. What is the hundreds digit of w?
0
Let r(w) = 241*w**2 - 50*w - 103. What is the tens digit of r(-10)?
9
What is the ten thousands digit of (-613194)/(-34) - (-34 - -29 - (-174)/34)?
1
Suppose 55*r - 440134 = -90884. What is the hundreds digit of r?
3
Suppose -95 = 241*n - 260*n. Let k(p) = 10*p**3 - 3*p. Let h be k(4). Suppose -h + 48 = -n*y. What is the tens digit of y?
1
Let y(x) = 27*x + 17. Suppose 0 = 3*s + 2*c + 14, 22 = -6*s + s - 3*c. Let m(r) = -135*r - 84. Let v(d) = s*m(d) - 11*y(d). What is the tens digit of v(-3)?
6
Let k be ((-9)/6)/((-3)/44). Let d(c) = c**2 - 30*c + 47. Let o be d(k). What is the tens digit of (o/12 + -3)/((-2)/8)?
5
Let l be (1066/65)/(2/20). What is the units digit of l/(-6)*(-1 - (14 + 6))?
4
Let q(o) = 628*o**2 + 33*o + 196. What is the hundreds digit of q(-5)?
7
Suppose n + 2*x - 4 + 5 = 0, -n = -2*x + 5. What is the units digit of (n + -1 + 6)*(-97)/(-2)?
7
Suppose -5*t = n + 54 - 3, -t + 9 = 5*n. Let m(v) = v**2 - 3*v - 32. Let l be m(t). Suppose 40 + l = 3*w. What is the tens digit of w?
5
Let x(c) = -c + 5. Let i(h) = h + 1. Let l(k) = -6*i(k) - 2*x(k). Let s be l(-3). What is the units digit of 133 + (0 - (1 + s))?
6
Let u = 11631 - 5998. What is the units digit of u?
3
Let o = 92 - 92. Suppose 9*h - 446 - 3739 = o. What is the tens digit of h?
6
Let h(o) = 4*o - 24. Let u(b) = b - 6. Let c(i) = 2*h(i) - 9*u(i). Let s be (3 - 18/2)/(-35 + 37). What is the units digit of c(s)?
9
Suppose 238*b = -3296624 + 11300564. What is the ten thousands digit of b?
3
Suppose 23*k - 2693 + 8811 = 0. Let t = -100 - k. What is the hundreds digit of t?
1
Suppose -2*o + r = 280 - 5842, 5*o = 4*r + 13902. What is the tens digit of o?
8
Let q(i) = -11*i**2 + 21*i + 5. Let v(t) = -5*t**2 + 11*t + 2. Let w be (2/6)/((-2)/(-36)). Let k(z) = w*q(z) - 13*v(z). What is the units digit of k(-10)?
4
What is the hundreds digit of 6173 + (4 - 16/3) + 8/(-12)?
1
Suppose 0 = -3*o - 0*h - 4*h - 2, 14 = 3*o - 4*h. Suppose o*i - 5*t - 1211 = 368, -i = -3*t - 787. What is the units digit of i?
2
Suppose -5*x + 34 = -2*p, 4*x - 29 = 5*p + 5. Suppose -1399 + 193 = -x*u. What is the hundreds digit of u?
2
Suppose -m = 2*x - 127 - 58, -5*m - 3*x + 890 = 0. Suppose -2*y + 3*y + m = 5*a, 0 = -4*a - y + 149. What is the units digit of a?
6
Suppose -3*u + 8*u = -o + 116, -o = -u + 22. Let a(j) = -6*j + 5*j - 9*j - u. What is the tens digit of a(-9)?
6
Let c(n) = 124*n**3 + 15*n - 1. Let l(u) = -123*u**3 - 19*u. Let j(s) = 4*c(s) + 3*l(s). Let b be 0 + 3 - 14/7. What is the tens digit of j(b)?
2
Let c(a) = 3116*a + 19614. What is the hundreds digit of c(20)?
9
Suppose -45 = -5*q, 2*t - 32910 = 5*q + 122459. What is the hundreds digit of t?
7
Let q = 32283 - 14940. What is the ten thousands digit of q?
1
Let s = 630 + -523. Let g = s - -510. What is the units digit of g?
7
Let m(n) = 10 + 2 + 7*n + 5*n + 2*n**2 + n. Let q be m(-5). What is the units digit of 1710/21 + q/7?
1
Let q(g) be the third derivative of g**6/120 + g**5/6 - 3*g**4/8 + 35*g**3/6 + 4*g**2 - 19. What is the hundreds digit of q(-10)?
1
Suppose 3*t + 3*o - 7*o - 832 = 0, 3*t + o - 842 = 0. Suppose 3*a + t = 1585. What is the tens digit of a?
3
Suppose 4*c = -q + 13163, -47*q = -44*q + c - 39544. What is the tens digit of q?
8
What is the hundreds digit of (593932/(-20))/(-1) + 20/50?
6
Let o = -551 - -556. Suppose 5*j - 2*m = 4914, 0 = 4*j + o*m - 1652 - 2299. What is the units digit of j?
4
Suppose -2*l = n - 5358 - 6964, 0 = 2*n + 3*l - 24649. What is the ten thousands digit of n?
1
Suppose -5*g - g = 1764. Let x = g - -706. What is the hundreds digit of x?
4
Suppose 10727 = 5*v - 2*s, 0 = v + 12*s - 10*s - 2143. Suppose -428*t + 425*t = -v. What is the hundreds digit of t?
7
Let h(q) = -122*q - 562. What is the hundreds digit of h(-45)?
9
Suppose -4*a + 9 = -a + 2*p, 4*a - 32 = 4*p. Suppose 0 = -a*x + 1273 + 1207. What is the units digit of x?
6
Let y = 3311 + -2226. What is the units digit of y?
5
Let g(w) = -w**2 + 3*w + 18. Let c(r) = -r**3 + 2*r**2 + 6*r + 3. Let s be c(-2). Let t be (-6)/(4 - s) - 2. What is the tens digit of g(t)?
1
Suppose 506 = -5*b - 2*i, 2 = -3*i - 7. What is the units digit of (-1)/(-4) - 5/(b/555)?
8
Suppose 0 = -18*f + 12*f + 3342. Let x = f - 235. What is the units digit of x?
2
Let k be -515*(-6)/3 - 0/1. Suppose 2*y + k - 254 = 0. Let v = -213 - y. What is the hundreds digit of v?
1
Let m(c) = c**3 - c**2 + 94. Suppose -32*u = -36*u + 4. Let p = -1 + u. What is the units digit of m(p)?
4
Suppose -b + 13494 = 4*q, 17*b - 16*b - 3*q - 13543 = 0. What is the hundreds digit of b?
5
Suppose 35 = 5*r + 85. Let t = -10 - r. Suppose -236 = -5*w - m, t = 3*w + 2*m + m - 132. What is the tens digit of w?
4
Suppose -6221 = -q + 124*t - 130*t, -2*t + 6233 = q. What is the tens digit of q?
3
Let a(l) = l**3 - 4*l**2 + 2. Let n be a(4). Suppose n*k + 4 - 14 = 0, 5*k = -5*t - 115. Let s = t - -50. What is the tens digit of s?
2
Let d be (-5 - 63) + (-20)/5. What is the hundreds digit of ((-32620)/112)/(15/d)?
3
Let j = 41 - 37. Let w be (270 + j)*6/4 - 1. What is the tens digit of 4/5*w*(-4)/(-16)?
8
Let x(o) = -o**3 + 57*o**2 + 61*o - 716. What is the tens digit of x(52)?
7
Suppose x - 866 = -4*h, -32*x = -28*x - 4*h - 3484. Suppose -6*w + x + 408 = 0. What is the units digit of w?
3
Suppose -25*h + 5103 = -32*h. What is the hundreds digit of 8/((-24)/h) + (-4 - -1)?
2
Suppose -j - 13*r = -32601, 47*j + 98067 = 50*j - 5*r. What is the ten thousands digit of j?
3
What is the units digit of 6796 + ((-36)/15)/(9/30)?
8
Suppose 0 = -x - x + 5*w + 27, -3 = 3*w. Suppose -14*d + 75 = -x*d. Suppose -6*p + p - d = 0, 0 = 2*q - 4*p - 126. What is the units digit of q?
3
Suppose -2660 = -9*j - j. Suppose -j = -3*i + 7. What is the tens digit of i?
9
Let t(j) = -j**2 - 3*j + 73. Let z be (0/(-11))/((-1)/2*-4). What is the units digit of t(z)?
3
Let u be (-3 + (-3 - -2))*90/(-40). Suppose 6*b - u*b = -462. Let n = 66 + b. What is the tens digit of n?
2
What is the units digit of 18/27 - (-6759)/27?
1
Suppose -4*g =